t p(f) = 8*f**3 - 207*f**2 - 9*f + 296. Give p(26).
738
Let b(z) = z**2 + 39*z - 1825. Calculate b(-59).
-645
Let m(l) = 3*l**2 - 5353*l - 625157. What is m(-110)?
-27
Let o(h) = h**2 - 1583*h - 28592. Calculate o(-18).
226
Let n(t) = t**3 - 97*t**2 + 35*t + 31467. Calculate n(93).
126
Let p(m) = 4*m**3 + 125*m**2 - 212*m - 72. Calculate p(2).
36
Let o(a) = -4*a**3 + 260*a**2 - 262*a + 385. Determine o(64).
1
Let h(t) = 48*t**2 - 17*t + 135. Give h(5).
1250
Let t(d) = 11*d**2 - 134*d + 794. Determine t(6).
386
Let u(d) = 5*d**2 - 31*d - 36. Calculate u(13).
406
Let f(x) = 3*x**3 - 452*x**2 + 453*x - 22915. Calculate f(150).
35
Let p(h) = h**3 + 12*h**2 - 34*h - 369. Calculate p(-11).
126
Let k(s) = 3*s**3 + 17*s**2 + 7288*s - 14652. Determine k(2).
16
Let l(q) = -2*q**3 - 315*q**2 - 129*q + 4312. What is l(-157)?
-84
Let f(y) = y**3 - 38*y**2 + 1387*y - 47211. Determine f(36).
129
Let d(h) = 3794*h - 49448. Give d(13).
-126
Let g(c) = -c**3 - 55*c**2 - 561*c + 15. Give g(-11).
862
Let n(r) = -329137*r + 3291370. Calculate n(10).
0
Let v(n) = -156*n + 3066. What is v(25)?
-834
Let r(k) = 87*k + 1887. What is r(-27)?
-462
Let z(k) = 713*k - 7150. Calculate z(11).
693
Let b(n) = -2*n + 1160. Calculate b(17).
1126
Let h(l) = 78*l**2 + 47*l - 73. Give h(1).
52
Let f(l) = -2*l**3 + 78*l**2 - 8110*l + 316297. What is f(39)?
7
Let f(r) = -2*r**3 - 462*r**2 + 2854*r - 20. Give f(6).
40
Let v(h) = -5653*h**2 - 28278*h - 61. Give v(-5).
4
Let l(p) = 1127*p - 113814. What is l(101)?
13
Let i(y) = -12*y**2 + 69*y + 712. Determine i(-10).
-1178
Let z(q) = 254*q**2 + 1832*q + 1730. What is z(-6)?
-118
Let u(c) = -6*c**2 + 1072*c - 46763. Determine u(103).
-1
Let b(z) = -768*z + 2544. What is b(3)?
240
Let l(t) = -207*t**2 - 2250*t + 307. Give l(-11).
10
Let u(t) = -24*t**2 - 2774*t + 1094. Calculate u(-116).
-66
Let k(h) = 349484*h + 33550463. Determine k(-96).
-1
Let b(h) = -5*h**2 - 10926*h + 21860. Calculate b(2).
-12
Let m(j) = -2*j**3 - 316*j**2 + j + 1825. Give m(0).
1825
Let u(y) = -398*y - 11885. Calculate u(-31).
453
Let y(h) = 12356*h - 74372. Calculate y(6).
-236
Let g(v) = -305*v + 524. Give g(5).
-1001
Let a(p) = 81511*p + 1059633. Determine a(-13).
-10
Let c(u) = 19019*u - 56984. Give c(3).
73
Let i(d) = -d**3 + 87*d**2 - 321*d + 27894. Calculate i(87).
-33
Let s(m) = 18382*m + 1176624. Calculate s(-64).
176
Let b(a) = -3*a**2 - 238*a + 366. Determine b(-76).
1126
Let a(w) = -w**2 - 53447*w + 534398. What is a(10)?
-172
Let h(k) = -17231*k + 258453. What is h(15)?
-12
Let q(i) = 1356*i + 8370. Give q(-7).
-1122
Let v(d) = 2*d**3 - 5*d**2 - 95*d + 469. Give v(4).
137
Let r(t) = -t**3 - 29*t**2 - 17*t - 499. What is r(-29)?
-6
Let i(z) = -2*z**3 - 17*z**2 + 26*z + 206. Calculate i(-7).
-123
Let t(w) = 1191*w + 52224. Give t(-45).
-1371
Let a(y) = 2*y**2 - 660*y + 44911. Determine a(96).
-17
Let p(q) = -q**3 - 7*q**2 + 195*q - 54. Give p(-13).
-1575
Let o(m) = -51*m**3 + 4696*m**2 - 370*m + 173. Give o(92).
-11
Let j(y) = y**2 - 15327*y - 45989. Determine j(-3).
1
Let f(h) = 72*h**3 + 509*h**2 - 1020*h + 10. Give f(2).
582
Let t(f) = 3*f**3 + 101*f**2 + 98*f + 1193. What is t(-33)?
137
Let c(s) = s**3 - 88*s**2 + 1282*s + 87. Determine c(70).
1627
Let y(j) = -52801*j + 158439. Calculate y(3).
36
Let c(n) = 34532*n - 1692062. What is c(49)?
6
Let g(h) = -h**2 - 110500*h + 2984238. Give g(27).
9
Let m(i) = 4*i**3 - 129*i**2 - 563*i + 5. What is m(36)?
-823
Let a(s) = -6365*s**2 - 254598*s + 78. Calculate a(-40).
-2
Let n(x) = -797*x**2 - 588*x + 585. Determine n(1).
-800
Let h(b) = 9094*b - 45472. Give h(5).
-2
Let f(z) = z**3 - z**2 - 7*z - 29. Give f(6).
109
Let c(i) = -i**3 - 39*i**2 + 434*i - 118. Give c(-48).
-214
Let s(w) = 388173*w - 1940879. Determine s(5).
-14
Let h(y) = 39816*y + 2070432. Give h(-52).
0
Let u(y) = 148768*y + 743698. Calculate u(-5).
-142
Let o(f) = -f**2 - 201*f - 10895. Determine o(-88).
-951
Let w(i) = -17*i**2 - 320*i - 112. Determine w(-18).
140
Let v(w) = 5627*w + 31709. Determine v(-6).
-2053
Let a(v) = 5*v**3 + 15*v**2 - 884*v - 1771. Calculate a(-2).
17
Let h(g) = 2*g**3 + 97*g**2 - 23*g + 2317. Calculate h(-49).
1043
Let k(h) = -h**3 + 28*h**2 + 91*h - 1854. Calculate k(26).
1864
Let c(l) = -24605*l + 221459. What is c(9)?
14
Let n(o) = 2*o**3 - 217*o**2 - 94*o - 1944. Determine n(109).
-309
Let n(s) = -24*s**3 - 56*s**2 - 458*s - 1354. What is n(-3)?
164
Let b(v) = -151305*v - 151297. Calculate b(-1).
8
Let k(a) = a**2 + 398*a - 4455. Calculate k(11).
44
Let i(a) = -10*a**2 + 1189*a - 2785. Determine i(116).
579
Let v(p) = 10*p**2 - 230*p + 1320. Calculate v(15).
120
Let i(g) = 4*g**2 + 6396*g + 25544. Give i(-4).
24
Let s(u) = u**3 + 132*u**2 + 660*u - 35. Calculate s(-5).
-160
Let k(b) = b**3 - 774*b**2 + 11386*b - 27. What is k(15)?
-12
Let i(g) = -12*g**2 + 736*g - 2223. What is i(3)?
-123
Let w(l) = 1520*l - 877031. What is w(577)?
9
Let a(q) = -2*q**2 - 73*q + 3306. What is a(-65)?
-399
Let l(z) = -65*z**2 - 12545*z. What is l(-193)?
0
Let r(w) = 2616*w**2 + 73*w - 63. Give r(1).
2626
Let c(h) = -2*h**3 + h**2 + 43874*h - 350034. Give c(8).
-2
Let m(d) = -d**3 - 88*d**2 + 1777*d + 150262. Give m(-89).
30
Let u(j) = -819465*j - 9833587. Calculate u(-12).
-7
Let y(v) = -25200*v - 7131594. What is y(-283)?
6
Let a(l) = -117*l + 28526. Calculate a(244).
-22
Let x(v) = v**3 - 39*v**2 - 19*v + 913. Give x(39).
172
Let p(r) = -r**3 + 10*r**2 - 11*r + 88. Give p(9).
70
Let k(w) = -w**3 + 642*w**2 + 15302*w - 4662. What is k(665)?
-7
Let s(l) = -l**3 + 79*l**2 - 76*l - 945. Give s(78).
-789
Let x(i) = 976*i + 32141. Give x(-33).
-67
Let d(x) = 7*x**3 + 34*x**2 + 142*x + 158. Give d(-4).
-314
Let c(f) = f**2 - 1146*f + 57567. What is c(51)?
1722
Let g(h) = h**3 - 44*h**2 - 383*h - 4970. What is g(53)?
12
Let r(z) = -z**3 - 2*z**2 - 2117*z + 6393. Calculate r(3).
-3
Let u(g) = -g**2 + 5250*g - 41930. Calculate u(8).
6
Let a(p) = -3*p**3 + 16*p**2 + 70*p - 85. What is a(1)?
-2
Let g(h) = -11669*h**2 - 11669*h - 6. Determine g(-1).
-6
Let j(n) = n**2 + 45789*n - 595439. Give j(13).
-13
Let d(c) = -7033*c + 2630409. What is d(374)?
67
Let l(z) = 186*z + 10129. Calculate l(-55).
-101
Let d(h) = -4382*h - 438204. Give d(-100).
-4
Let i(g) = -g**2 - 1170*g + 66091. What is i(54)?
-5
Let h(b) = -187*b + 9822. Give h(49).
659
Let a(q) = 5*q**3 - 1642*q**2 + 5526*q + 19. What is a(325)?
344
Let q(k) = 581*k**2 - 49*k - 107. What is q(-2)?
2315
Let w(t) = 26*t - 86. What is w(-1)?
-112
Let z(w) = 58*w**3 - 2*w**2 - 8*w + 7. Calculate z(1).
55
Let x(o) = -49*o**3 + 293*o**2 + 208*o - 1209. What is x(6)?
3
Let l(u) = -35945*u - 179846. Give l(-5).
-121
Let v(o) = -653*o**3 + 3257*o**2 + 44*o - 16. What is v(5)?
4
Let m(o) = 27406*o + 548575. Determine m(-20).
455
Let k(j) = 53502*j - 22684852. Give k(424).
-4
Let y(z) = 2*z**2 + 59136*z + 177418. What is y(-3)?
28
Let w(s) = -462*s + 512. Determine w(4).
-1336
Let u(c) = -2*c**3 + 4*c**2 + c - 13. Calculate u(4).
-73
Let u(c) = c**2 - 962*c + 202727. What is u(312)?
-73
Let s(k) = -2*k**2 - 28411*k - 7. Calculate s(0).
-7
Let g(n) = n**3 + 760*n**2 + 33461*n - 2309. Calculate g(-47).
41
Let b(r) = 205*r**2 + 761*r + 743. What is b(-1)?
187
Let s(a) = 191*a - 946. Calculate s(-3).
-1519
Let a(k) = -6*k**3 + 3508*k**2 - 12777*k - 2884. What is a(581)?
21
Let u(g) = -34*g**2 + 3161*g + 23787. What is u(-7)?
-6
Let c(b) = 2*b**3 - 61*b**2 - 130*b + 602. Calculate c(32).
-486
Let t(q) = -4*q**2 + 282*q + 2668. What is t(79)?
-18
Let j(i) = -2*i**3 - 62*i**2 + 158*i + 101. Give j(-33).
-757
Let v(i) = 2*i**3 - 166*i**2 - 1855*i + 66. Calculate v(-10).
16
Let g(a) = 2321*a - 32439. Give g(14).
55
Let d(k) = 8724*k + 1744802. Determine d(-200).
2
Let b(c) = c**2 - 236*c - 3252. Calculate b(-13).
-15
Let b(q) = -2*q**2 + 985*q + 34695. What is b(-33)?
12
Let k(f) = -9*f**3 + 8*f**2 + 19*f - 69. Determine k(7).
-2631
Let p(f) = 6030*f + 120589. Calculate p(-20).
-11
Let v(j) = -3*j**3 + 18*j**2 - 68*j + 670. Give v(7).
47
Let q(m) = 20312*m - 120941. Calculate q(6).
931
Let y(v) = -48475*v + 1114968. Determine y(23).
43
Let g(i) = i**3 - 212*i**2 + 319*i - 23771. What is g(211)?
-983
Let o(z) = -z**3 + 151*z**2 + 5435*z + 295. What is o(181)?
1200
Let l(z) = -11089*z + 820621. What is